 tens digit of 3519?
1
What is the tens digit of 11954?
5
What is the thousands digit of 141605?
1
What is the units digit of 817?
7
What is the units digit of 1042?
2
What is the hundreds digit of 18415?
4
What is the thousands digit of 28992?
8
What is the hundreds digit of 13422?
4
What is the hundreds digit of 1200?
2
What is the tens digit of 14639?
3
What is the hundreds digit of 7562?
5
What is the hundreds digit of 5966?
9
What is the units digit of 943?
3
What is the hundreds digit of 9678?
6
What is the hundreds digit of 50001?
0
What is the units digit of 212?
2
What is the units digit of 1437?
7
What is the tens digit of 3274?
7
What is the hundreds digit of 3932?
9
What is the hundred thousands digit of 121768?
1
What is the hundreds digit of 49550?
5
What is the hundreds digit of 56075?
0
What is the tens digit of 676?
7
What is the ten thousands digit of 61061?
6
What is the units digit of 10560?
0
What is the tens digit of 52284?
8
What is the ten thousands digit of 22596?
2
What is the units digit of 8523?
3
What is the tens digit of 2380?
8
What is the units digit of 5279?
9
What is the hundreds digit of 31893?
8
What is the thousands digit of 10923?
0
What is the tens digit of 35408?
0
What is the units digit of 10288?
8
What is the tens digit of 9390?
9
What is the thousands digit of 18708?
8
What is the hundreds digit of 39683?
6
What is the ten thousands digit of 12484?
1
What is the units digit of 13571?
1
What is the thousands digit of 2388?
2
What is the hundreds digit of 25030?
0
What is the tens digit of 12250?
5
What is the tens digit of 3890?
9
What is the tens digit of 1812?
1
What is the hundreds digit of 24942?
9
What is the units digit of 744?
4
What is the hundreds digit of 7831?
8
What is the tens digit of 3569?
6
What is the tens digit of 422?
2
What is the units digit of 55758?
8
What is the tens digit of 1081?
8
What is the ten thousands digit of 45793?
4
What is the hundreds digit of 12049?
0
What is the tens digit of 441?
4
What is the thousands digit of 7529?
7
What is the units digit of 21?
1
What is the thousands digit of 13604?
3
What is the units digit of 50993?
3
What is the tens digit of 5490?
9
What is the units digit of 14156?
6
What is the tens digit of 4359?
5
What is the units digit of 7391?
1
What is the thousands digit of 20838?
0
What is the units digit of 338?
8
What is the units digit of 1083?
3
What is the hundreds digit of 4305?
3
What is the ten thousands digit of 49868?
4
What is the thousands digit of 1803?
1
What is the hundreds digit of 48365?
3
What is the tens digit of 2213?
1
What is the ten thousands digit of 16100?
1
What is the units digit of 1071?
1
What is the units digit of 99939?
9
What is the hundreds digit of 14695?
6
What is the thousands digit of 148045?
8
What is the thousands digit of 20537?
0
What is the hundreds digit of 118185?
1
What is the tens digit of 197410?
1
What is the thousands digit of 92565?
2
What is the hundreds digit of 4775?
7
What is the thousands digit of 16148?
6
What is the hundreds digit of 630?
6
What is the tens digit of 2832?
3
What is the hundreds digit of 26126?
1
What is the ten thousands digit of 47593?
4
What is the hundreds digit of 493?
4
What is the hundreds digit of 7346?
3
What is the thousands digit of 1434?
1
What is the thousands digit of 51896?
1
What is the tens digit of 349?
4
What is the thousands digit of 37546?
7
What is the hundreds digit of 18479?
4
What is the tens digit of 502?
0
What is the hundreds digit of 3336?
3
What is the hundreds digit of 4914?
9
What is the thousands digit of 31131?
1
What is the units digit of 4567?
7
What is the units digit of 26363?
3
What is the hundreds digit of 763?
7
What is the thousands digit of 3031?
3
What is the thousands digit of 5042?
5
What is the hundreds digit of 9289?
2
What is the units digit of 15862?
2
What is the ten thousands digit of 64876?
6
What is the tens digit of 772?
7
What is the hundreds digit of 8335?
3
What is the tens digit of 28349?
4
What is the hundreds digit of 10465?
4
What is the units digit of 29891?
1
What is the thousands digit of 3889?
3
What is the thousands digit of 5669?
5
What is the hundreds digit of 12558?
5
What is the units digit of 18169?
9
What is the units digit of 3883?
3
What is the tens digit of 17052?
5
What is the units digit of 2907?
7
What is the hundreds digit of 16520?
5
What is the tens digit of 20225?
2
What is the thousands digit of 5820?
5
What is the units digit of 78954?
4
What is the hundreds digit of 17952?
9
What is the tens digit of 6608?
0
What is the thousands digit of 12017?
2
What is the units digit of 56714?
4
What is the units digit of 171?
1
What is the units digit of 1100?
0
What is the hundreds digit of 1638?
6
What is the hundred thousands digit of 126092?
1
What is the units digit of 599?
9
What is the tens digit of 965?
6
What is the hundreds digit of 159?
1
What is the tens digit of 39137?
3
What is the hundreds digit of 7652?
6
What is the thousands digit of 40096?
0
What is the units digit of 6778?
8
What is the tens digit of 502?
0
What is the units digit of 1027?
7
What is the tens digit of 41461?
6
What is the hundreds digit of 3788?
7
What is the hundreds digit of 6655?
6
What is the thousands digit of 14330?
4
What is the units digit of 893?
3
What is the hundreds digit of 768?
7
What is the thousands digit of 14487?
4
What is the units digit of 5526?
6
What is the thousands digit of 6929?
6
What is the tens digit of 1264?
6
What is the ten thousands digit of 24456?
2
What is the tens digit of 337?
3
What is the thousands digit of 2819?
2
What is the ten thousands digit of 15847?
1
What is the tens digit of 7194?
9
What is the tens digit of 25926?
2
What is the hundreds digit of 11043?
0
What is the units digit of 17615?
5
What is the thousands digit of 11487?
1
What is the thousands digit of 2162?
2
What is the hundred thousands digit of 114140?
1
What is the hundreds digit of 4049?
0
What is the hundreds digit of 306?
3
What is the ten thousands digit of 142510?
4
What is the tens digit of 1916?
1
What is the units digit of 6634?
4
What is the hundreds digit of 477?
4
What is the tens digit of 4308?
0
What is the units digit of 2729?
9
What is the hundreds digit of 11413?
4
What is the tens digit of 11398?
9
What is the hundreds digit of 4407?
4
What is the units digit of 6138?
8
What is the hundreds digit of 45714?
7
What is the hundreds digit of 30243?
2
What is the hundreds digit of 648?
6
What is the hundreds digit of 1318?
3
What is the thousands digit of 4243?
4
What is the hundreds digit of 8183?
1
What is the hundreds digit of 19058?
0
What is the tens digit of 1265?
6
What is the tens digit of 2179?
7
What is the units digit of 16396?
6
What is the units digit of 17?
7
What is the hundreds digit of 13360?
3
What is the tens digit of 78300?
0
What is the units digit of 8366?
6
What is the hundreds digit of 1092?
0
What is the units digit of 6103?
3
What is the units digit of 1181?
1
What is the tens digit of 7341?
4
What is the tens digit of 3404?
0
What is the thousands digit of 13420?
3
What is the hundreds digit of 590?
5
What is the tens digit of 241?
4
What is the units digit of 1023?
3
What is the ten thousands digit of 12543?
1
What is the hundreds digit of 2200?
2
What is the units digit of 296?
6
What is the hundreds digit of 1089?
0
What is the units digit of 13679?
9
What is the tens digit of 4522?
2
What is the hundreds digit of 1364?
3
What is the units digit of 417?
7
What is the units digit of 47040?
0
What is the thousands digit of 2370?
2
What is the thousands digit of 1563?
1
What is the units digit of 2323?
3
What is the units digit of 51288?
8
What is the hundreds digit of 15433?
4
What is the ten thousands digit of 51599?
5
What is the hundreds digit of 1867?
8
What is the hundreds digit of 2202?
2
What is the hundreds digit of 1312?
3
What is the tens digit of 1050?
5
What is the units digit of 84279?
9
What is the hundreds digit of 107230?
2
What is the units digit of 13083?
3
What is the units digit of 889?
9
What is the hundreds digit of 4908?
9
What is the hundreds digit of 1043?
0
What is the thousands digit of 76988?
6
What is the thousands digit of 45703?